 d = 2*w + 4*a - 24, -3*w + a = -4*w + 17. Let j = 89 - 56. What is the greatest common factor of w and j?
11
Let r(i) = -i**3 + 6*i**2 - 4*i - 2. Let k be r(3). Calculate the greatest common divisor of k and 2.
1
Let q = 551 - 545. Calculate the greatest common divisor of 39 and q.
3
Let z(v) = v + 42. Let h be z(-8). What is the highest common factor of 153 and h?
17
Suppose -k - 108 = -10*k. Suppose 3*o - 3*m - 101 = 235, 2*o + 5*m - 196 = 0. Calculate the highest common divisor of k and o.
12
Let s(o) = -o**2 - 6*o + 5. Let u be s(-13). Let m = -54 - u. What is the highest common factor of 16 and m?
16
Suppose 3*q + u - 345 = -102, 3*u + 71 = q. Calculate the highest common factor of 16 and q.
16
Suppose 3*v = -5*f + 639, 3*f = -f + 12. Suppose 3*h - 8*h + 130 = 0. What is the greatest common divisor of v and h?
26
Let y(n) = -n**2 - 6*n + 3. Let q be y(-6). Suppose u = p + 264, 3*u + 529 = 5*u - q*p. Let i = -187 + u. Calculate the greatest common factor of i and 19.
19
Let a = 219 + -180. Calculate the greatest common divisor of 143 and a.
13
Suppose 447 = -5*c + 1047. What is the greatest common divisor of c and 200?
40
Suppose -53626 - 3704 = -70*i. Calculate the greatest common factor of 52 and i.
13
Suppose 134 = 10*g - 7*g + 5*d, -106 = -2*g + 5*d. Calculate the greatest common divisor of 1032 and g.
24
Let i = -313 + 322. What is the highest common divisor of i and 144?
9
Suppose 39 + 321 = -4*c. Let l = 153 + c. Calculate the highest common divisor of 18 and l.
9
Suppose -4*r = -7*r + 9, 4*k - 2*r = 150. Calculate the greatest common divisor of 182 and k.
13
Suppose -101*j + 106*j + 1260 = 0. Let l = j - -265. Suppose -x + 16 - 3 = 0. What is the greatest common divisor of x and l?
13
Let m be (-6270)/380*(-1)/(-3)*-50. What is the greatest common divisor of 50 and m?
25
Suppose 3*r + 5*g + 155 = 0, r - g - 14 + 55 = 0. Let v be (-30)/r + (-32)/(-6). Suppose k = 2*k - v. What is the highest common divisor of k and 6?
6
Let l be (-225)/(-10) - (-1)/(-2). Suppose 54 = 4*k - 3*v + 8*v, k + 2*v = 15. Let m = l - k. Calculate the greatest common factor of m and 1.
1
Suppose w - 16 = 4*m - 2*w, 8 = -2*m + 3*w. Let p = m - -11. What is the greatest common factor of p and 7?
7
Suppose 0 = -17*l - 9 + 26. What is the highest common factor of l and 9?
1
Suppose 12 = 10*c - 6*c. Let r(d) = 7*d**3 - 3*d**2 - d + 6. Let m be r(c). Calculate the highest common factor of 33 and m.
33
Suppose -2*t - 3*w = -55, 2*w - 30 = 4*t - 5*t. Calculate the highest common divisor of t and 1460.
20
Suppose 2*o - 3*q = 1146, 2*q + 573 = 4*o - 1727. Calculate the greatest common divisor of o and 72.
72
Let a(p) = p**3 + 26*p**2 - 25*p + 83. Let c be a(-27). Calculate the greatest common divisor of 203 and c.
29
Let o be (-1449)/(-27) - (-3)/9. Calculate the greatest common divisor of o and 18.
18
Let t(g) = -28*g - 3. Let u(b) = b. Let j(z) = -t(z) - 5*u(z). Let r be j(3). Let a be (r/10)/((-42)/(-140)). Calculate the greatest common divisor of 6 and a.
6
Let a = 137 - 27. Calculate the greatest common factor of a and 10.
10
Suppose -5*l = -30*l + 6050. Calculate the highest common factor of 22 and l.
22
Let b(a) = 45*a + 279. Let o be b(-5). Calculate the highest common factor of o and 594.
54
Let h = 2 + -18. Let i(d) = -5*d + 22. Let t be i(6). Let q be 4*t/(h/15). What is the greatest common factor of 6 and q?
6
Let z = -24 - -69. Let k = -334 + 364. Calculate the greatest common factor of k and z.
15
Suppose q = 2*x - q - 280, -q = x - 140. Suppose -2 + 93 = 13*b. Let k be (40/b)/((-6)/(-21)). Calculate the greatest common divisor of x and k.
20
Let d = 104 + -56. Let i be (23/(-2))/(2/4). Let r = -7 - i. Calculate the highest common divisor of d and r.
16
Suppose -3*z - 256 = -7*z. What is the greatest common factor of 16 and z?
16
Let r = -12 + 31. Suppose -k + 0*k = -r. Let p be k*(0 + -2 + 3). Calculate the highest common divisor of p and 76.
19
Suppose 5*b - 645 = -2*v - 2*v, 485 = 3*v + 4*b. What is the greatest common factor of v and 31?
31
Let u(z) = -4*z**2 - 115*z - 32. Let n be u(-28). Suppose 5*j - 2*j = 4*t + 43, 0 = 2*t + 2. What is the greatest common divisor of n and j?
13
Let k = 1167 + -861. What is the greatest common factor of 18 and k?
18
Suppose -2*j = i - 12, j - 8*i + 3 = -4*i. Let l be (2 - j)/(1 + 25/(-22)). What is the highest common factor of l and 55?
11
Suppose -25*h - 420 = -26*h. What is the highest common divisor of h and 84?
84
Suppose 3*x = -2*y + y + 35, 3*x + 3*y - 33 = 0. Suppose -c + g + 134 = 0, -3*g + 152 = -2*c + 422. What is the greatest common factor of x and c?
12
Suppose 4*v - 5*a - 92 = 0, 0 = -v - 3*a + 6 - 0. Suppose 12*f + 74 = 290. What is the highest common divisor of f and v?
18
Let y be 91/(-14)*(3 - 9). Calculate the greatest common divisor of 156 and y.
39
Suppose -26*g - 924 = -24*g. Let t be g/(-8) - (-9)/36. Suppose p + 0*p = -4*d + 4, -5*p + t = d. Calculate the greatest common divisor of 2 and p.
2
Let c be (-90)/4*208/(-12). Calculate the highest common divisor of c and 30.
30
Suppose 0 = -p - p, 3*p = 5*s - 10. Suppose 20*y - 392 = 6*y. Suppose -22 = 3*f - y. What is the highest common divisor of s and f?
2
Let l = 1 - 0. Suppose 1 = 4*d + 9. Let f be d - (1 - 36/3). What is the highest common factor of f and l?
1
Let z be (60/(-7))/((-1)/7). Suppose 2*f = -0*f + z. Let u be (-18)/f*(0 + -35). Calculate the greatest common factor of 14 and u.
7
Let c be 13/(52/2304) + 0. What is the highest common divisor of 64 and c?
64
Let f(q) = 2*q**3 + 26*q**2 - 4*q - 2. Let a be f(-13). Let i = 22 + -45. Let h = i - -33. Calculate the greatest common divisor of h and a.
10
Let u be 667/87 + (-2)/(-6). Let o be ((-2)/6)/(1/(-12)). Suppose 0 = o*r - 337 - 15. Calculate the greatest common factor of r and u.
8
Let z = 93 + -90. Suppose 2*v + z*y - 789 = 0, -4*v + 1585 = -2*y + y. Calculate the greatest common factor of v and 44.
44
Let i = 22 + -19. Let m be 45/(-27)*-1*i. Calculate the highest common factor of 5 and m.
5
Suppose -1 = -2*l - 5*k + 4*k, 4*l = 5*k - 33. Let m = -2 - l. Let h be 340/(m - -2) - 2. What is the highest common factor of h and 21?
21
Suppose -3*i - 61 + 16 = 0. Let w = -17 - i. Let r be w + -3*17/(-3). What is the greatest common divisor of 6 and r?
3
Let t(b) = -b**2 + 8*b - 8. Let n be t(-6). Let l be 12*n/32*-6. What is the greatest common divisor of l and 23?
23
Let w be (-4)/(-6) + (-62)/(-6). Let m = 134 + -55. Suppose -4*h - 75 = -m. Calculate the greatest common divisor of h and w.
1
Let o = 0 - -341. Let m = -165 + o. What is the greatest common divisor of m and 11?
11
Suppose s + 2*u = 14, 2*s - u - 43 = -5. Calculate the greatest common divisor of 26 and s.
2
Let g be ((-306)/(-27))/((-3)/(-18)). What is the greatest common factor of g and 1156?
68
Let w = 0 - -13. Let j(y) be the first derivative of 7*y**3/3 - 3*y**2/2 + 4*y - 1. Let x be j(4). Calculate the highest common divisor of x and w.
13
Let c be ((-26)/(-4))/(2/4). Suppose 5*x + c - 98 = 0. What is the highest common factor of x and 68?
17
Let n be (0 + -2 + 5)*66. Calculate the highest common divisor of 24 and n.
6
Let x be (-6)/(212/56 - 4). Let t = -111 + 162. Let j be t/12 + 2/(-8). Calculate the highest common factor of x and j.
4
Let c(z) = z**2 - 28*z + 30. Let h be c(28). Calculate the greatest common divisor of h and 30.
30
Suppose -3*z + 3 = 0, 32 = 3*s - z - 6. Let v be 1 + 1 + s + -1. Suppose 3*o + 2*d = 4*o + 4, -3*o + 3*d = 3. What is the greatest common factor of v and o?
2
Let n(t) = -7*t - 158. Let a be n(-23). What is the greatest common factor of 123 and a?
3
Let q = 49 - 25. What is the highest common factor of 8 and q?
8
Let j(s) = -s**3 + 10. Let g be j(0). Let d = 37 + -26. Let t be 878/d - 4/(-22). Calculate the greatest common divisor of t and g.
10
Let x be (-11 - -1)*(-2)/4. Let q(r) = 2*r - 5. Let c be q(-6). Let u = c + 22. Calculate the highest common factor of x and u.
5
Let y = -277 + 283. Let c(s) = -24*s - 4. Let v be c(-3). Let i = 134 - v. What is the greatest common divisor of y and i?
6
Let a be ((-9)/3)/((-6)/(-20)). Let s be 3/(-6) + a/(-4). Suppose t - 19 = -3*p, t + 2*p = -s*t + 50. Calculate the highest common factor of 64 and t.
16
Let w(t) = 2*t + 8. Let l be w(-